{"id":473,"date":"2020-03-04T01:45:20","date_gmt":"2020-03-04T00:45:20","guid":{"rendered":"http:\/\/sarahturquety.fr\/?page_id=473"},"modified":"2022-12-05T10:59:33","modified_gmt":"2022-12-05T09:59:33","slug":"ce-qui-de-l-autre-est-de-nous","status":"publish","type":"page","link":"https:\/\/sarahturquety.fr\/?page_id=473","title":{"rendered":"Ce qui de l&rsquo;autre est de nous"},"content":{"rendered":"<p><span style=\"color: #000000;\"><em>Y-a-t-il une place ?<\/em><\/span><br \/>\n<span style=\"color: #000000;\"><em>y-a-t-il une place pour nous ?<\/em><\/span><br \/>\n<span style=\"color: #000000;\"><em>y-a-t-il une place pour nous dans ce r\u00eave ?<\/em><\/span><br \/>\n<span style=\"color: #000000;\"><em>y-a-t-il une place pour nous dans ton r\u00eave<\/em><\/span><br \/>\n<span style=\"color: #000000;\"><em>y-a-t-il une place dans ce r\u00eave pour d\u2019autres r\u00eaves ?<\/em><\/span><br \/>\n<span style=\"color: #000000;\"><em>nous avons l\u2019impression qu\u2019il y a de la place<\/em><\/span><br \/>\n<span style=\"color: #000000;\"><em>nous avions l\u2019impression qu\u2019il y avait de la place<\/em><\/span><br \/>\n<span style=\"color: #000000;\"><em>de la place pour nous <\/em><\/span><br \/>\n<span style=\"color: #000000;\"><em>nous sommes entr\u00e9s<\/em><\/span><\/p>\n<p><span style=\"color: #000000;\">L&rsquo;accueil, le flux, les fronti\u00e8res, l&rsquo;autre.<\/span><br \/>\n<span style=\"color: #000000;\">Voil\u00e0 en quelques mots ce que je propose de percevoir, de palper<\/span><br \/>\n<span style=\"color: #000000;\">gr\u00e2ce \u00e0 un dispositif, un texte, et ma pr\u00e9sence.<\/span><br \/>\n<span style=\"color: #000000;\">40 min.<\/span><br \/>\n<span style=\"color: #000000;\">Pour espace permettant une certaine intimit\u00e9.<\/span><\/p>\n<p><span style=\"color: #000000;\"><em>\u00a0<\/em><\/span><\/p>\n","protected":false},"excerpt":{"rendered":"<p>Y-a-t-il une place ? y-a-t-il une place pour nous ? y-a-t-il une place pour nous dans ce r\u00eave ? y-a-t-il une place pour nous dans ton r\u00eave y-a-t-il une place dans ce r\u00eave pour d\u2019autres&hellip;<\/p>\n","protected":false},"author":1,"featured_media":721,"parent":0,"menu_order":0,"comment_status":"closed","ping_status":"closed","template":"","meta":{"footnotes":""},"class_list":["post-473","page","type-page","status-publish","has-post-thumbnail","hentry","comments-off"],"_links":{"self":[{"href":"https:\/\/sarahturquety.fr\/index.php?rest_route=\/wp\/v2\/pages\/473","targetHints":{"allow":["GET"]}}],"collection":[{"href":"https:\/\/sarahturquety.fr\/index.php?rest_route=\/wp\/v2\/pages"}],"about":[{"href":"https:\/\/sarahturquety.fr\/index.php?rest_route=\/wp\/v2\/types\/page"}],"author":[{"embeddable":true,"href":"https:\/\/sarahturquety.fr\/index.php?rest_route=\/wp\/v2\/users\/1"}],"replies":[{"embeddable":true,"href":"https:\/\/sarahturquety.fr\/index.php?rest_route=%2Fwp%2Fv2%2Fcomments&post=473"}],"version-history":[{"count":11,"href":"https:\/\/sarahturquety.fr\/index.php?rest_route=\/wp\/v2\/pages\/473\/revisions"}],"predecessor-version":[{"id":833,"href":"https:\/\/sarahturquety.fr\/index.php?rest_route=\/wp\/v2\/pages\/473\/revisions\/833"}],"wp:featuredmedia":[{"embeddable":true,"href":"https:\/\/sarahturquety.fr\/index.php?rest_route=\/wp\/v2\/media\/721"}],"wp:attachment":[{"href":"https:\/\/sarahturquety.fr\/index.php?rest_route=%2Fwp%2Fv2%2Fmedia&parent=473"}],"curies":[{"name":"wp","href":"https:\/\/api.w.org\/{rel}","templated":true}]}}