{"id":76,"date":"2018-10-16T11:22:08","date_gmt":"2018-10-16T09:22:08","guid":{"rendered":"http:\/\/sarahturquety.fr\/?page_id=76"},"modified":"2025-03-10T21:35:49","modified_gmt":"2025-03-10T20:35:49","slug":"script-album-fr","status":"publish","type":"page","link":"https:\/\/sarahturquety.fr\/?page_id=76","title":{"rendered":"Script-album.fr"},"content":{"rendered":"<p><span style=\"color: #000000;\">Script-album questionne les mots pour dire, nous dire, le corps des mots. Une performance &#8211; installation participative, une s\u00e9rie d&rsquo;ateliers, un recueil de textes et de voix sur le site <a style=\"color: #000000;\" href=\"http:\/\/script-album.fr\/\">script-album.fr<\/a>. Ce site a e\u0301te\u0301 conc\u0327u comme un espace litte\u0301raire en soi, l\u2019occasion par un jeu de titres, sous-titres et de tags, de cre\u0301er une nouvelle oeuvre a\u0300 chaque visite. Ce site s&rsquo;enrichit de mois en mois au fil des performances, des rencontres, des ateliers que je m\u00e8ne.<\/span><\/p>\n<p><span style=\"color: #000000;\"><em>Ce site a \u00e9t\u00e9 con\u00e7u par les graphistes <a style=\"color: #000000;\" href=\"http:\/\/rovo.fr\/\">Rovo<\/a> et r\u00e9alis\u00e9 par le webmaster <a style=\"color: #000000;\" href=\"http:\/\/www.samuelasensi.com\/\" data-saferedirecturl=\"https:\/\/www.google.com\/url?q=http:\/\/www.samuelasensi.com\/&amp;source=gmail&amp;ust=1542112597268000&amp;usg=AFQjCNHrG-5EIK2eNxrFlgowU5rmqbMIWA\">Samuel Asenci.\u00a0<\/a>Si vous voulez en savoir plus, m&rsquo;accueillir dans votre structure, participer, pour toute question, me contacter : <u>sarahturquety@gmail.com.<\/u><\/em><\/span><\/p>\n","protected":false},"excerpt":{"rendered":"<p>Script-album questionne les mots pour dire, nous dire, le corps des mots. Une performance &#8211; installation participative, une s\u00e9rie d&rsquo;ateliers, un recueil de textes et de voix sur le site script-album.fr. Ce site a e\u0301te\u0301&hellip;<\/p>\n","protected":false},"author":1,"featured_media":209,"parent":0,"menu_order":0,"comment_status":"closed","ping_status":"closed","template":"","meta":{"footnotes":""},"class_list":["post-76","page","type-page","status-publish","has-post-thumbnail","hentry","comments-off"],"_links":{"self":[{"href":"https:\/\/sarahturquety.fr\/index.php?rest_route=\/wp\/v2\/pages\/76","targetHints":{"allow":["GET"]}}],"collection":[{"href":"https:\/\/sarahturquety.fr\/index.php?rest_route=\/wp\/v2\/pages"}],"about":[{"href":"https:\/\/sarahturquety.fr\/index.php?rest_route=\/wp\/v2\/types\/page"}],"author":[{"embeddable":true,"href":"https:\/\/sarahturquety.fr\/index.php?rest_route=\/wp\/v2\/users\/1"}],"replies":[{"embeddable":true,"href":"https:\/\/sarahturquety.fr\/index.php?rest_route=%2Fwp%2Fv2%2Fcomments&post=76"}],"version-history":[{"count":6,"href":"https:\/\/sarahturquety.fr\/index.php?rest_route=\/wp\/v2\/pages\/76\/revisions"}],"predecessor-version":[{"id":1098,"href":"https:\/\/sarahturquety.fr\/index.php?rest_route=\/wp\/v2\/pages\/76\/revisions\/1098"}],"wp:featuredmedia":[{"embeddable":true,"href":"https:\/\/sarahturquety.fr\/index.php?rest_route=\/wp\/v2\/media\/209"}],"wp:attachment":[{"href":"https:\/\/sarahturquety.fr\/index.php?rest_route=%2Fwp%2Fv2%2Fmedia&parent=76"}],"curies":[{"name":"wp","href":"https:\/\/api.w.org\/{rel}","templated":true}]}}